f. Give l(w).
12
Suppose g = 4*i - 20, 0*i + 10 = 2*i - 3*g. Suppose 5*d + i*y = 0, 5*y + 12 = y. Let w(p) = p**2 + 0*p**2 + 0*p**2 - 8*p + d. What is w(6)?
-9
Let h(d) = 271*d**2 - 559*d**2 + 289*d**2 + 2 + 2*d**3 + 2*d. Suppose 5*g + 6 = -5*u + 11, 0 = -g - 2*u + 4. Determine h(g).
-14
Let w(y) = 5*y**2 + y + 6. Let b be w(-2). Let a = -32 + b. Let t(k) = -k**3 - 9*k**2 - 8*k - 10. What is t(a)?
-10
Suppose 3*i + 10 = 4*i. Let y = i + -6. Let n(a) = 2*a + 1 + a - y*a. Calculate n(1).
0
Let l(f) be the first derivative of -3*f**4/4 + 2*f**3/3 - f - 261. Calculate l(1).
-2
Let j(q) = -q + 5 + 2 - 5 - 4 - q**2. Let i(u) = -2*u**2 - 4*u - 2. Let n be i(-2). Let s = -1 + n. Determine j(s).
-8
Let k(g) = 32 - 52 + 26 - 3*g. Give k(3).
-3
Let v(l) = 3*l - 10. Let x be v(4). Suppose 4*c - 9 = x*p + 5, 5*c - 3*p = 17. Let w(j) = -j**2 + 3*j + 1. Calculate w(c).
-3
Let x(h) = -h**2 - 13*h - 21. Let c(z) = -2*z + 7. Let j be c(9). Let p be x(j). Let g(s) = -7*s**3 + 2*s**2 - 1. Give g(p).
-6
Let i(g) = 10*g - 18. Let a(k) = k - 2. Let n(h) = -3*a(h) + i(h). Calculate n(5).
23
Let c(s) = -3*s - 5. Let d(q) = q - 5. Let f be d(9). Let v(l) = l + 2. Let u(j) = f*c(j) + 9*v(j). Suppose -25 = -5*r + g - 4*g, 3*r - 2*g = -4. Give u(r).
-8
Let b(d) be the third derivative of -d**5/10 - d**4/12 + d**3/3 + d**2 + 44. What is b(2)?
-26
Let i(h) = -8*h + 94. Let a(r) = 5*r - 63. Let x(f) = 7*a(f) + 5*i(f). Let q be x(7). Let j(u) = u**2 + 6*u + 6. Determine j(q).
6
Let o(t) be the third derivative of -t**7/840 - t**6/45 - 7*t**5/120 - t**4/4 - 2*t**3 - 20*t**2. Let y(p) be the first derivative of o(p). Give y(-7).
-6
Suppose -30 = -4*o + 2*b, 2*o = -b - 6 + 15. Let a(h) = h - 19. Give a(o).
-13
Let g(x) = -6*x**2 - 8*x - 11. Let r(b) = 2*b**2 + 3*b + 4. Let v = -62 + 66. Let i(u) = v*g(u) + 11*r(u). Calculate i(2).
-6
Let y(b) be the second derivative of b**5/20 - b**4/4 - 2*b**3/3 - b. Let j = 7 - 5. Suppose -q + j = -2. Give y(q).
0
Let v(c) be the second derivative of c**4/3 + c**3/6 - 2*c**2 + 30*c - 11. Determine v(-2).
10
Let t(a) = 3*a**2 + 18*a + 6. Let z(r) = r**2 + 6*r + 2. Suppose 0 = -5*u + 25 - 5, 3*l + u + 29 = 0. Let g(d) = l*z(d) + 4*t(d). Give g(-6).
2
Let q(a) = -a**3 + 15*a**2 - a + 9. Suppose -5*o = 4*f - 45, 2*o - 7*o - 15 = 0. Calculate q(f).
-6
Let x(k) = 10 - 16*k + 10*k**2 + 4*k + 11 + 0*k**3 + 6*k**3 - 7*k**3. What is x(9)?
-6
Let y be -3*(-2)/12*10. Let x(t) = -6*t**2 + 0*t**3 - 2*t - 3*t**3 + 4*t**3 - y + 2. What is x(6)?
-15
Let m(j) = j**3 + j**2 - 2. Let h = 87 + -87. What is m(h)?
-2
Suppose 3*t - 20 = -29. Let q(c) = c**2 - c + c. What is q(t)?
9
Suppose -8*j + 15 = -3*j. Let m be (-6)/(-3) - (0 + j). Let n(t) = 3*t**3 - t**2 - t. Give n(m).
-3
Suppose 0 = v + v - 4*d + 6, -5 = -5*v + 5*d. Let b(a) = 0 + 13*a + 3 - v. Determine b(2).
24
Let u be 0/(-1*(-2 + 10)). Let k(g) = -3*g**2 + g + 7. Let p(b) = -8 + 3*b**2 - b - b**2 + 0*b**2. Let c(m) = -3*k(m) - 4*p(m). Give c(u).
11
Let h be 3/2*(-6)/9. Let y(o) be the third derivative of 0*o**5 + 0*o + 1/6*o**3 + 0 + 8*o**2 + 3/40*o**6 + 1/24*o**4. Give y(h).
-9
Let b(w) be the first derivative of 1/4*w**4 + 0*w**2 + 1/3*w**3 - 9*w - 4. Determine b(0).
-9
Suppose 4*b = -0*b - 16. Let o(z) be the first derivative of z**2 + 6*z - 11. Let g(m) = 5*m + 18. Let d(i) = b*g(i) + 11*o(i). Determine d(4).
2
Let w(k) = k**2 - 6*k + 1. Let p = -14 - -36. Suppose 5*c = -3*s - 25, 5 = -2*s + c + 10. Suppose s - 6 = -b + v, -p = -4*b + 3*v. Determine w(b).
-7
Let d(p) = -p**2 - 6*p - 10. Suppose -290*u = -296*u - 24. Determine d(u).
-2
Let u(q) = 5*q + 15. Let s be ((-3 - 1) + -1)*(-3)/(-3). Calculate u(s).
-10
Let n = -1199 - -1200. Let k(l) = 2*l**2 - 1. Determine k(n).
1
Let d = 160 + -150. Let f(k) = -k**2 + 12*k - 12. Give f(d).
8
Let c(v) = 5*v**2 + 2*v + 1. Let a = -33 + 32. Determine c(a).
4
Let k(m) = m**3 + 3*m**2 + 2*m. Suppose 7*r + 0*r - 14 = 0. Let n be r/(-2)*9/((-9)/(-2)). What is k(n)?
0
Let h = 60 - 65. Let v(f) = f**2 + 7*f + 5. Determine v(h).
-5
Suppose 5*c = -3*k + 55, 0 = -10*k + 5*k - c + 55. Let g = k + -8. Let r(b) = 3*b - 1. Give r(g).
5
Let i(h) be the second derivative of -h**5/20 + h**4/12 + h**3/3 + 2*h**2 - 16*h. Let b be i(0). Let z(s) = 3 + s**3 - 1 - 1 - 5*s**2 + 2*s. Determine z(b).
-7
Let k(u) = -15*u**2 - 9*u + 11. Let q(z) = 7*z**2 + 4*z - 5. Let c(f) = 6*k(f) + 13*q(f). Give c(5).
16
Let s(j) be the first derivative of -j**4/4 - j**3/3 + 7*j**2/2 + 6*j + 275. Calculate s(-4).
26
Let k(m) = 74 - 42 - 35 + 4*m**2 - 4*m + 5*m**2. Give k(-2).
41
Suppose 4*r + 10 = 3*y, 0*r - 3*y - 10 = r. Let x be ((-2)/r)/(10/100). Let b(l) = -l**2 + 6*l + 1. Determine b(x).
6
Let c(p) be the third derivative of -p**5/30 - 7*p**4/24 + 7*p**3/6 + 9*p**2 + 2. Give c(-7).
-42
Let a(d) = -d**3 - 2*d**2 - 2*d - 1. Suppose -7*s + 296 = 303. Give a(s).
0
Let l(a) = 6*a**2 + 58*a - 15. Let n be l(-10). Let z(f) be the second derivative of 0 - 7*f - 5/12*f**4 + 1/20*f**n + 9/2*f**2 - 7/6*f**3. What is z(6)?
3
Let o(b) = b**2 + 3*b + 8. Let l be o(-4). Let d(u) = u**3 - 5*u + 6*u + l - 3*u**2 - 12. Suppose 0 = -4*h + 3*h + 3. Give d(h).
3
Let j(u) = u - 1. Let a(x) = -x - 1. Let l(r) = -2*a(r) - j(r). Let h be ((-35)/50)/7 - 217/(-70). Calculate l(h).
6
Let y(q) = -44*q - 3 + 37*q + 15*q. Calculate y(3).
21
Suppose 24*c = 25*c - 3*u + 5, -3*u = -4*c - 2. Let b(w) = -13*w**2 + 3*w - 3. Determine b(c).
-13
Let x be (2 - 5 - -4)/((-3)/12). Let y(t) = -t**2 + 1. Give y(x).
-15
Let j(i) be the second derivative of 2*i**3 - i**2 - 53*i. Give j(5).
58
Let p(k) = -k. Suppose -3*g + q = -q - 66, 0 = 5*q. Suppose -5*a + 13 = -7. Suppose -2*i - a*c - 13 = -35, -5*i = -c - g. Determine p(i).
-5
Let h(g) = -32*g + 1. Let p(d) = 66*d - 2. Let r(y) = -13*h(y) - 6*p(y). Let b(c) = 21*c - 1. Let t(v) = -4*b(v) + 5*r(v). Calculate t(1).
15
Let p be (-34)/(-10) + 13/(520/24). Let a(v) = -2*v + 10. What is a(p)?
2
Suppose 0 = -t + 11 - 17. Let h be -2 - (6/(-8) - t/8). Let k(w) = -w**2 - 2*w**3 - 1 + 2*w - 3*w + 0*w**3. What is k(h)?
13
Let a(v) = -v + 6. Let d(c) = 2*c - 17*c + 40 + 2*c + 6*c. Let i be d(5). What is a(i)?
1
Let c(v) be the third derivative of v**5/30 - 13*v**4/24 + 8*v**2 - 8*v. Give c(6).
-6
Let y(r) = 4*r**2 + 5*r + 2. Suppose -6*k + 4*k + 3*m - 5 = 0, 0 = 2*m + 2. What is y(k)?
46
Let j(d) = 87*d + 177. Let k be j(-2). Suppose -4*g + 9 = 5*x - 3, 2*x - 4*g = -12. Let l(t) = -t + x*t + 1 + 3*t. What is l(k)?
7
Suppose 2*y + 7 = q - 0*q, -4*q - 4*y - 8 = 0. Let z(n) = -q + 3 + n - 2 + 11. Suppose 4*p = 5*c - 39, -2*p + 4*c = -3*p + 6. What is z(p)?
5
Let y(m) = -3*m**3 + 2*m**2 + m + 1. Let s = -220 + 219. Calculate y(s).
5
Let s(t) = 411 + 4*t - 2*t**2 - 396 + 6*t + t**2 + 0*t**2. Give s(-2).
-9
Let v be (-2)/5*(-12 + 7). Let n(y) = -y**v - 2*y**3 + 0*y**3 - 2*y**2 + 3*y**3 + 2. Calculate n(3).
2
Let r(c) = -2*c - 4. Let k be r(-3). Let s(q) = k*q - 4 - q + 3. Suppose 0 = 5*g - 30 + 5. Calculate s(g).
4
Let j = 102 + -105. Let k(l) = 11*l + 28. Let v(a) = 6*a + 15. Let t(o) = -4*k(o) + 7*v(o). What is t(j)?
-1
Let u(f) = f - 4. Suppose 17 + 16 = 3*a. Suppose 0 = a*q - 13*q + 10. Suppose q*m + 3 - 18 = 0. Determine u(m).
-1
Let n(g) be the first derivative of -g**3/3 - 2*g**2 + 2125. Suppose 2 + 16 = -3*u. Determine n(u).
-12
Let f be (-32)/(-3)*(-19 - -16). Let b be (9/(-6))/((-12)/f). Let s(k) = k**2 + 4*k. Give s(b).
0
Let l(a) = a**2 + 13*a + 15. Let v = 100 + -111. What is l(v)?
-7
Let c = -290 - -284. Let a(d) = d**3 + 5*d**2 - 4*d + 8. What is a(c)?
-4
Suppose -7 + 1 = 2*j. Let o(h) be the second derivative of h**5/40 - h**4/8 - h**3/2 - 13*h. Let v(z) be the second derivative of o(z). What is v(j)?
-12
Suppose -y + c = -4, -1 = -y - 5*c - 9. Let t(p) = 7*p + 3 - p**y - 2 - 9*p - p. What is t(3)?
-17
Let n(r) = r**2 - 2*r - 3. Suppose 0 = 3*x + 4*v - 6*v - 2, 4*x + 4*v - 36 = 0. Let c be n(x). Suppose b = c - 9. Let t(j) = j**2 + 5*j - 1. What is t(b)?
-5
Let a(c) be the first derivative of -5 + 4*c - 5/2*c**2 + 2/3*c**3. Let j be -4*(5/4 + -2). Calculate a(j).
7
Suppose -7*d = d - 64. Let q(w) = -w**2 + 8*w - 7. Calculate q(d).
-7
Let r(u) = u**3 + 48*u**2 - 48*u + 54. Let z be r(-49). Let d(g) be the third derivative of g**5/60 - g**4/24 - g**3/6 + 2*g**2. Calculate d(z).
19
Le